{"id":2,"date":"2023-10-31T11:07:53","date_gmt":"2023-10-31T10:07:53","guid":{"rendered":"https:\/\/konforma.nl\/?page_id=2"},"modified":"2023-11-29T13:36:12","modified_gmt":"2023-11-29T12:36:12","slug":"home","status":"publish","type":"page","link":"https:\/\/konforma.nl\/","title":{"rendered":"Konforma is de partner voor financi\u00eble onafhankelijkheid \u2014 voor een onbezorgd leven."},"content":{"rendered":"\n<section  class=\"content-block content-block--title-text mb-10 lg:mb-24\">\n        <div class=\"content\">\n                    <h1 class=\"mb-7 lg:mb-11\">Konforma is de partner voor financi\u00eble onafhankelijkheid \u2014 voor een onbezorgd leven.<\/h1>\n                <p>Wij bieden je hoogwaardige adviezen op het gebied van zorgeloos wonen en financi\u00eble zekerheid. We zijn niet gebonden aan banken of andere financi\u00eble instellingen, waardoor we volledig onafhankelijk voor jou kunnen handelen.<\/p>\n                    <a href=\"#contact\" target=\"_self\" class=\"btn mt-7 lg:mt-14\">Contact opnemen<\/a>\n            <\/div>\n<\/section>\n\n\n<section id=\"financieel-advies\" class=\"content-block content-block--title-text mb-10 lg:mb-24\">\n        <header class=\"text-nav relative mb-10 items-center gap-6 before:absolute before:-left-6 before:inline-block before:aspect-square before:w-10 before:-translate-x-full before:-translate-y-[25%] before:rounded-full before:border-2 before:border-yellow before:bg-white lg:col-span-3 lg:row-span-2 lg:mb-0 lg:ml-11 lg:self-center lg:last-of-type:row-span-1 \">\n        Financieel advies    <\/header>\n    <div class=\"content\">\n                    <h2 class=\"mb-7 lg:mb-11\">Financieel- en hypotheek advies<\/h2>\n                <p>Bij belangrijke levensgebeurtenissen, zoals het kopen van een woning, trouwen, stoppen met werken, kinderen krijgen of scheiden, spelen financi\u00ebn een cruciale rol. Het is essentieel om af en toe stil te staan bij mogelijke toekomstscenario&#8217;s. Wij helpen je graag bij het verkrijgen van inzicht in jouw financi\u00eble situatie.<\/p>\n<p>Door grondig te kijken naar je huidige situatie en je toekomstplannen te bespreken, bieden wij inzicht in verschillende mogelijkheden. Samen gaan we op zoek gaan naar de juiste hypotheek, verzekering of een andere passende financi\u00eble oplossing.<\/p>\n            <\/div>\n<\/section>\n\n    <section  class=\"content-block content-block--slider mt-10 mb-12 lg:my-36\">\n                <div class=\"content\">\n                        <div class=\"splide\">\n                <div class=\"splide__arrows\">\n                    <button class=\"splide__arrow splide__arrow--prev\"><\/button>\n                    <button class=\"splide__arrow splide__arrow--next\"><\/button>\n                <\/div>\n                <div class=\"splide__track\">\n                    <ul class=\"splide__list\">\n                                                    <li class=\"splide__slide aspect-[4\/3] opacity-0 [&#038;.is-next]:opacity-50 [&#038;.is-active]:opacity-100 ease-out duration-300 transition-opacity\">\n                                <img loading=\"lazy\" decoding=\"async\" width=\"2560\" height=\"1707\" src=\"https:\/\/konforma.nl\/app\/uploads\/2023\/11\/verver-website-2020-publiek-web-res-500k-13-scaled.jpg\" class=\"object-cover w-full h-full\" alt=\"\" srcset=\"https:\/\/konforma.nl\/app\/uploads\/2023\/11\/verver-website-2020-publiek-web-res-500k-13-scaled.jpg 2560w, https:\/\/konforma.nl\/app\/uploads\/2023\/11\/verver-website-2020-publiek-web-res-500k-13-300x200.jpg 300w, https:\/\/konforma.nl\/app\/uploads\/2023\/11\/verver-website-2020-publiek-web-res-500k-13-1024x683.jpg 1024w, https:\/\/konforma.nl\/app\/uploads\/2023\/11\/verver-website-2020-publiek-web-res-500k-13-768x512.jpg 768w, https:\/\/konforma.nl\/app\/uploads\/2023\/11\/verver-website-2020-publiek-web-res-500k-13-1536x1024.jpg 1536w, https:\/\/konforma.nl\/app\/uploads\/2023\/11\/verver-website-2020-publiek-web-res-500k-13-2048x1365.jpg 2048w\" sizes=\"(width &lt; 1024px) 112.48vw, 767.1px\" \/>                            <\/li>\n                                                    <li class=\"splide__slide aspect-[4\/3] opacity-0 [&#038;.is-next]:opacity-50 [&#038;.is-active]:opacity-100 ease-out duration-300 transition-opacity\">\n                                <img loading=\"lazy\" decoding=\"async\" width=\"2560\" height=\"1707\" src=\"https:\/\/konforma.nl\/app\/uploads\/2023\/11\/67cf4ad32212629f4cea9d0c6c6d898f-scaled.jpg\" class=\"object-cover w-full h-full\" alt=\"\" srcset=\"https:\/\/konforma.nl\/app\/uploads\/2023\/11\/67cf4ad32212629f4cea9d0c6c6d898f-scaled.jpg 2560w, https:\/\/konforma.nl\/app\/uploads\/2023\/11\/67cf4ad32212629f4cea9d0c6c6d898f-300x200.jpg 300w, https:\/\/konforma.nl\/app\/uploads\/2023\/11\/67cf4ad32212629f4cea9d0c6c6d898f-1024x683.jpg 1024w, https:\/\/konforma.nl\/app\/uploads\/2023\/11\/67cf4ad32212629f4cea9d0c6c6d898f-768x512.jpg 768w, https:\/\/konforma.nl\/app\/uploads\/2023\/11\/67cf4ad32212629f4cea9d0c6c6d898f-1536x1024.jpg 1536w, https:\/\/konforma.nl\/app\/uploads\/2023\/11\/67cf4ad32212629f4cea9d0c6c6d898f-2048x1365.jpg 2048w\" sizes=\"(width &lt; 1024px) 112.48vw, 767.1px\" \/>                            <\/li>\n                                                    <li class=\"splide__slide aspect-[4\/3] opacity-0 [&#038;.is-next]:opacity-50 [&#038;.is-active]:opacity-100 ease-out duration-300 transition-opacity\">\n                                <img loading=\"lazy\" decoding=\"async\" width=\"1707\" height=\"2560\" src=\"https:\/\/konforma.nl\/app\/uploads\/2023\/11\/6fe1b6ad78e753b0f0e91b526260b519-scaled.jpg\" class=\"object-cover w-full h-full\" alt=\"\" srcset=\"https:\/\/konforma.nl\/app\/uploads\/2023\/11\/6fe1b6ad78e753b0f0e91b526260b519-scaled.jpg 1707w, https:\/\/konforma.nl\/app\/uploads\/2023\/11\/6fe1b6ad78e753b0f0e91b526260b519-200x300.jpg 200w, https:\/\/konforma.nl\/app\/uploads\/2023\/11\/6fe1b6ad78e753b0f0e91b526260b519-683x1024.jpg 683w, https:\/\/konforma.nl\/app\/uploads\/2023\/11\/6fe1b6ad78e753b0f0e91b526260b519-768x1152.jpg 768w, https:\/\/konforma.nl\/app\/uploads\/2023\/11\/6fe1b6ad78e753b0f0e91b526260b519-1024x1536.jpg 1024w, https:\/\/konforma.nl\/app\/uploads\/2023\/11\/6fe1b6ad78e753b0f0e91b526260b519-1365x2048.jpg 1365w\" sizes=\"(width &lt; 1024px) 100vw, 682px\" \/>                            <\/li>\n                                            <\/ul>\n                <\/div>\n            <\/div>\n        <\/div>\n    <\/section>\n\n\n\n<section id=\"verver\" class=\"content-block content-block--title-text mb-10 lg:mb-24\">\n        <header class=\"text-nav relative mb-10 items-center gap-6 before:absolute before:-left-6 before:inline-block before:aspect-square before:w-10 before:-translate-x-full before:-translate-y-[25%] before:rounded-full before:border-2 before:border-yellow before:bg-white lg:col-span-3 lg:row-span-2 lg:mb-0 lg:ml-11 lg:self-center lg:last-of-type:row-span-1 \">\n        Verver    <\/header>\n    <div class=\"content\">\n                    <h2 class=\"mb-7 lg:mb-11\">Verver \u2014 financi\u00eble planning<\/h2>\n                <p>Wij verschaffen helder inzicht in jouw financi\u00eble situatie en bieden doeltreffende oplossingen, zodat jij het maximale uit het leven kunt halen. Je ervaart financi\u00eble rust, omdat je weet dat de financi\u00eble zaken nu en in de toekomst helder en goed geregeld zijn.<\/p>\n<p>Onze cli\u00ebnten koesteren dromen, wensen en ambities die ze willen verwezenlijken, zoals wonen, reizen, investeren of vroegtijdig stoppen met werken. Wij verwezenlijken deze doelen door middel van financi\u00eble planning.<\/p>\n<p>Ben je nieuwsgierig of we iets voor jou kunnen betekenen? Of wil je meer weten over financial life planning?<\/p>\n                    <a href=\"https:\/\/www.ververfd.nl\/financial-lifestyle\/\" target=\"_blank\" class=\"btn mt-7 lg:mt-14\">Ga dan naar ververfd.nl<\/a>\n            <\/div>\n<\/section>","protected":false},"excerpt":{"rendered":"","protected":false},"author":1,"featured_media":0,"parent":0,"menu_order":0,"comment_status":"closed","ping_status":"closed","template":"","meta":{"footnotes":""},"acf":[],"yoast_head":"<!-- This site is optimized with the Yoast SEO plugin v21.9.1 - https:\/\/yoast.com\/wordpress\/plugins\/seo\/ -->\n<title>Financieel- en hypohteekadvies | Konforma Groningen<\/title>\n<meta name=\"description\" content=\"Een woning kopen, trouwen, kinderen krijgen of scheiden. Wij helpen je bij het verkrijgen van inzicht in jouw financi\u00eble situatie.\" \/>\n<meta name=\"robots\" content=\"index, follow, max-snippet:-1, max-image-preview:large, max-video-preview:-1\" \/>\n<link rel=\"canonical\" href=\"https:\/\/konforma.nl\/\" \/>\n<meta property=\"og:locale\" content=\"nl_NL\" \/>\n<meta property=\"og:type\" content=\"article\" \/>\n<meta property=\"og:title\" content=\"Financieel- en hypohteekadvies | Konforma Groningen\" \/>\n<meta property=\"og:description\" content=\"Een woning kopen, trouwen, kinderen krijgen of scheiden. Wij helpen je bij het verkrijgen van inzicht in jouw financi\u00eble situatie.\" \/>\n<meta property=\"og:url\" content=\"https:\/\/konforma.nl\/\" \/>\n<meta property=\"og:site_name\" content=\"Konforma\" \/>\n<meta property=\"article:modified_time\" content=\"2023-11-29T12:36:12+00:00\" \/>\n<meta name=\"twitter:card\" content=\"summary_large_image\" \/>\n<script type=\"application\/ld+json\" class=\"yoast-schema-graph\">{\"@context\":\"https:\/\/schema.org\",\"@graph\":[{\"@type\":\"WebPage\",\"@id\":\"https:\/\/konforma.nl\/\",\"url\":\"https:\/\/konforma.nl\/\",\"name\":\"Financieel- en hypohteekadvies | Konforma Groningen\",\"isPartOf\":{\"@id\":\"https:\/\/konforma.nl\/#website\"},\"datePublished\":\"2023-10-31T10:07:53+00:00\",\"dateModified\":\"2023-11-29T12:36:12+00:00\",\"description\":\"Een woning kopen, trouwen, kinderen krijgen of scheiden. Wij helpen je bij het verkrijgen van inzicht in jouw financi\u00eble situatie.\",\"breadcrumb\":{\"@id\":\"https:\/\/konforma.nl\/#breadcrumb\"},\"inLanguage\":\"nl-NL\",\"potentialAction\":[{\"@type\":\"ReadAction\",\"target\":[\"https:\/\/konforma.nl\/\"]}]},{\"@type\":\"BreadcrumbList\",\"@id\":\"https:\/\/konforma.nl\/#breadcrumb\",\"itemListElement\":[{\"@type\":\"ListItem\",\"position\":1,\"name\":\"Home\",\"item\":\"https:\/\/konforma.nl\/\"},{\"@type\":\"ListItem\",\"position\":2,\"name\":\"Konforma is de partner voor financi\u00eble onafhankelijkheid \u2014 voor een onbezorgd leven.\"}]},{\"@type\":\"WebSite\",\"@id\":\"https:\/\/konforma.nl\/#website\",\"url\":\"https:\/\/konforma.nl\/\",\"name\":\"Konforma\",\"description\":\"Financieel Advies\",\"potentialAction\":[{\"@type\":\"SearchAction\",\"target\":{\"@type\":\"EntryPoint\",\"urlTemplate\":\"https:\/\/konforma.nl\/?s={search_term_string}\"},\"query-input\":\"required name=search_term_string\"}],\"inLanguage\":\"nl-NL\"}]}<\/script>\n<!-- \/ Yoast SEO plugin. -->","yoast_head_json":{"title":"Financieel- en hypohteekadvies | Konforma Groningen","description":"Een woning kopen, trouwen, kinderen krijgen of scheiden. Wij helpen je bij het verkrijgen van inzicht in jouw financi\u00eble situatie.","robots":{"index":"index","follow":"follow","max-snippet":"max-snippet:-1","max-image-preview":"max-image-preview:large","max-video-preview":"max-video-preview:-1"},"canonical":"https:\/\/konforma.nl\/","og_locale":"nl_NL","og_type":"article","og_title":"Financieel- en hypohteekadvies | Konforma Groningen","og_description":"Een woning kopen, trouwen, kinderen krijgen of scheiden. Wij helpen je bij het verkrijgen van inzicht in jouw financi\u00eble situatie.","og_url":"https:\/\/konforma.nl\/","og_site_name":"Konforma","article_modified_time":"2023-11-29T12:36:12+00:00","twitter_card":"summary_large_image","schema":{"@context":"https:\/\/schema.org","@graph":[{"@type":"WebPage","@id":"https:\/\/konforma.nl\/","url":"https:\/\/konforma.nl\/","name":"Financieel- en hypohteekadvies | Konforma Groningen","isPartOf":{"@id":"https:\/\/konforma.nl\/#website"},"datePublished":"2023-10-31T10:07:53+00:00","dateModified":"2023-11-29T12:36:12+00:00","description":"Een woning kopen, trouwen, kinderen krijgen of scheiden. Wij helpen je bij het verkrijgen van inzicht in jouw financi\u00eble situatie.","breadcrumb":{"@id":"https:\/\/konforma.nl\/#breadcrumb"},"inLanguage":"nl-NL","potentialAction":[{"@type":"ReadAction","target":["https:\/\/konforma.nl\/"]}]},{"@type":"BreadcrumbList","@id":"https:\/\/konforma.nl\/#breadcrumb","itemListElement":[{"@type":"ListItem","position":1,"name":"Home","item":"https:\/\/konforma.nl\/"},{"@type":"ListItem","position":2,"name":"Konforma is de partner voor financi\u00eble onafhankelijkheid \u2014 voor een onbezorgd leven."}]},{"@type":"WebSite","@id":"https:\/\/konforma.nl\/#website","url":"https:\/\/konforma.nl\/","name":"Konforma","description":"Financieel Advies","potentialAction":[{"@type":"SearchAction","target":{"@type":"EntryPoint","urlTemplate":"https:\/\/konforma.nl\/?s={search_term_string}"},"query-input":"required name=search_term_string"}],"inLanguage":"nl-NL"}]}},"_links":{"self":[{"href":"https:\/\/konforma.nl\/index.php\/wp-json\/wp\/v2\/pages\/2"}],"collection":[{"href":"https:\/\/konforma.nl\/index.php\/wp-json\/wp\/v2\/pages"}],"about":[{"href":"https:\/\/konforma.nl\/index.php\/wp-json\/wp\/v2\/types\/page"}],"author":[{"embeddable":true,"href":"https:\/\/konforma.nl\/index.php\/wp-json\/wp\/v2\/users\/1"}],"replies":[{"embeddable":true,"href":"https:\/\/konforma.nl\/index.php\/wp-json\/wp\/v2\/comments?post=2"}],"version-history":[{"count":29,"href":"https:\/\/konforma.nl\/index.php\/wp-json\/wp\/v2\/pages\/2\/revisions"}],"predecessor-version":[{"id":53,"href":"https:\/\/konforma.nl\/index.php\/wp-json\/wp\/v2\/pages\/2\/revisions\/53"}],"wp:attachment":[{"href":"https:\/\/konforma.nl\/index.php\/wp-json\/wp\/v2\/media?parent=2"}],"curies":[{"name":"wp","href":"https:\/\/api.w.org\/{rel}","templated":true}]}}